 9 + 3 + 10. Determine z(-12).
-3
Let p(k) = 6*k**3 - 2*k**2 + 2*k - 1. Let v(x) = x. Let a be v(3). Let q(n) = -3 + n - 4*n**2 + 5*n**2 - n + a*n. Let m be q(-4). Determine p(m).
5
Let c(d) = -8*d**3 - d**2 + 1. Suppose 0 = -0*s + 4*s - 16. Suppose 5*n + 3*m = -14, s*n + 3*m = m - 10. Determine c(n).
8
Let g(i) = -3*i - 6. Suppose o - 393 = -399. Calculate g(o).
12
Suppose 10 = -22*a + 27*a. Let l(p) = -2*p**3 + 2*p**2 + 3*p - 3. Calculate l(a).
-5
Let q(x) = -x - 11. Suppose -3*t + 2*v - 35 = 0, t + 4*v + v = 11. Determine q(t).
-2
Let x(n) = -n - 2 - n + 2*n - 2*n. Let v = -7 + 2. Determine x(v).
8
Let m(b) = -b + 14. Let s = -461 + 468. What is m(s)?
7
Let u(g) be the third derivative of g**6/120 - g**5/12 - 7*g**4/24 + g**3/3 + 262*g**2. What is u(6)?
-4
Let b(i) be the second derivative of 4*i + 5/2*i**2 + 0 + 1/6*i**3. Give b(-5).
0
Let f(g) = 2*g - 20. Let p(z) = z - 9. Let x(o) = 3*f(o) - 5*p(o). Determine x(5).
-10
Let w(y) be the second derivative of -y**4/12 - y**3 + 14*y**2 + 2*y + 67. Calculate w(-9).
1
Let l(d) be the second derivative of 2*d**3/3 + 3*d**2/2 - 83*d. Give l(7).
31
Suppose q - 10 = -4*q. Suppose 421 = 5*r - 294. Let i(v) = -v**3 + 8 - 143*v - 6*v**q + r*v. Calculate i(-6).
8
Suppose 3*o + 32 = -4*w, -2 = 2*w - 3*o + 32. Let t = w + 8. Let g(h) = 2*h + 2. What is g(t)?
-4
Let n(u) = -10 + 6*u + 7 + 3. Calculate n(-2).
-12
Let u = 8 - 8. Let d(i) = -3*i**2 - 53 + 0*i + 56 + 10*i**2 - i. Let l(h) = 13*h**2 - 2*h + 7. Let w(p) = -11*d(p) + 6*l(p). Determine w(u).
9
Suppose 2*d = -2*r + 3 - 1, -5*r = -4*d - 32. Let z = 1 - r. Let t(v) = 7*v**2 - 13*v**2 - 3 + 7*v**2. Determine t(z).
6
Let h(s) be the third derivative of -5*s**4/24 - s**3/6 + 660*s**2. Give h(0).
-1
Let m(n) = n**2 - 1 + 1 + 2*n. Let b(c) = -c**3 - 12*c**2 + 15*c + 22. Suppose 0 = 82*h - 77*h + 65. Let d be b(h). Give m(d).
8
Suppose -3*o + 2*x = -9, -10*o - 19 = -15*o + 2*x. Let m(n) = -n**2 + 9*n - 4. What is m(o)?
16
Let v(i) = -2*i - 4. Let w be v(-5). Let p(c) = -9*c**2 + 21*c + 21. Let j(z) = 5*z**2 - 11*z - 11. Let x(o) = -7*j(o) - 4*p(o). Give x(w).
-13
Let q(f) = f + 6 + 7 - 8. Let m(p) = -5*p + 7. Let n be m(3). Give q(n).
-3
Let b(d) be the first derivative of -1/4*d**4 - 6*d - 3*d**2 - 48 - 7/3*d**3. Suppose -5*j - 26 = 2*f, -5*f = -0*j + j - 4. Give b(j).
-6
Let w(d) = -d**3 + d**2 + 6*d. Let j be ((-6)/15)/(-2 - (-31)/15). Let z(i) = i**2 + i + 1. Let f(x) = j*z(x) + w(x). Determine f(-5).
-6
Let g(x) = -x + 2. Let y = 11 + -9. Suppose y*n + 4*v = 0, 3 + 3 = n - v. Let d be g(n). Let i(h) = h + 1. What is i(d)?
-1
Suppose -9 = 5*x - 4, 3*s = -5*x + 7. Let l(g) = -2*g**2 + 6*g - 2. Determine l(s).
-10
Let o be (121/1 - -2)/1. Let a(g) = o - 2*g - 62 - 55. Give a(4).
-2
Suppose 2*q = -q - 2*z + 9, 17 = 5*q + 4*z. Let n(c) = -c**2 - c - 1. Let l(h) = -5*h**2 - 8*h - 7. Let d(j) = q*l(j) - 6*n(j). Determine d(3).
2
Let t(i) be the first derivative of -i**4/4 - 5*i**3/3 - 3*i**2/2 - 85. Give t(-3).
-9
Let o(f) = -f**3 + 7*f - 2. Let c(r) = r**3 - 56*r**2 - 2*r + 115. Let p be c(56). Give o(p).
-8
Let w = -13 - 50. Let r = -66 - w. Let a(t) = -8*t + 1. Calculate a(r).
25
Let h(x) = 3*x**3 + 13*x**2 + 26*x + 21. Let g(m) = 4*m**2 + 4 + m**3 + 9*m + 3*m**2 - 3*m**2 + 3. Let t(c) = -8*g(c) + 3*h(c). Give t(-6).
7
Let f(m) be the third derivative of -m**5/20 + m**4/8 + 5*m**3/6 + 235*m**2 + m. What is f(-2)?
-13
Let n(g) = 4*g**2 - 2*g**2 - 7*g**2 + 4*g**2. Calculate n(2).
-4
Let r(n) = 5*n**2 + 1. Let w(p) = p**3 - 22*p**2 - 21*p - 6. Let b be w(23). Let k = b + -39. What is r(k)?
6
Let g(f) be the third derivative of f**6/120 - 2*f**5/15 - f**4/2 - f**3/6 - 22*f**2 - 2. Give g(9).
-28
Let z(j) = 2*j**3 - 3*j**2 + j - 1. Let p(d) = -d**2 + 13*d + 6. Let k be p(13). Let w = 12 - k. Suppose -4*c - c - 10 = 5*y, -y = 5*c - w. What is z(c)?
5
Let q(t) = -13*t + 6. Let h(k) = -20*k + 10. Let b(m) = -5*h(m) + 8*q(m). What is b(-5)?
18
Suppose 0 = i - 4*i. Suppose 2*n + 5*b = -5, 5*n - 2*b - 40 + 9 = i. Suppose -3*d + 0*z - 6 = -n*z, 3*z - 12 = -d. Let f(o) = o**2 + o - 3. Calculate f(d).
9
Let c = 30 - 29. Let p(h) = -4*h**3 + 1 + 5*h**3 - c - 3*h**2 + 3*h. Let t = 2 - -1. What is p(t)?
9
Let z(n) = -4488*n - 4483*n - 4486*n + 59 + 13440*n + n**2. Give z(11).
-7
Let t = 16 + -11. Suppose 0 = -f - 8 + t. Let r(n) = 3*n - 4*n + 2*n. What is r(f)?
-3
Let a(u) = 3*u - 6. Let j(q) = 2*q - 2. Let o(l) = -a(l) + j(l). What is o(2)?
2
Let s(o) = -o**2 + 20*o - 25. Let k be s(19). Let x(q) = 7*q + 8. Calculate x(k).
-34
Let y(b) = -10*b - 6. Let a be ((-66)/(-24) + -5)/((-12)/16). What is y(a)?
-36
Let r = 48 - 38. Let k be 91/(-35) - (-6)/r. Let d(x) = -x**3 - x**2 - x. Determine d(k).
6
Let s(t) be the third derivative of 5*t**4/24 - t**3/6 - t**2. Suppose 0 = -5*w + 4 + 11. Let l be 1*w/9*3. Determine s(l).
4
Let k be 18*6/(-12)*(-34)/3. Let m = -96 + k. Let n(v) = -v**2 - 2 + 2 + 7*v. What is n(m)?
6
Let u(w) be the third derivative of 0*w + 7/24*w**4 + 0 - 1/2*w**3 - 6*w**2 + 1/60*w**5. Give u(-7).
-3
Let z(l) be the first derivative of l**4/4 - 2*l**3 - l**2 - 2*l - 479. Calculate z(5).
-37
Let q(s) = -s - 62. Let j(v) = -v - 46. Let w(x) = 4*j(x) - 3*q(x). Give w(7).
-5
Let t(w) = 3*w - 43. Let x(r) = r - 13. Let s(q) = -2*t(q) + 7*x(q). What is s(12)?
7
Let r be ((-1)/(-2))/((-1)/(-10)). Let z(b) = 7 + b**2 - 6*b - b - 4. What is z(r)?
-7
Let f(y) = 0*y + 6*y**2 - 7*y**2 - 2*y + 1. Suppose 0 = -0*o - o. Suppose -2*v + 2*s - 8 = o, 4*s + 16 = -4*v - 0*s. Calculate f(v).
-7
Let h(j) be the third derivative of 7*j**4/24 + 17*j**3/6 - 338*j**2. Give h(-5).
-18
Let v(m) = -24*m + 92. Let x be v(4). Let u(b) = -6*b - 5. Let q(n) = 5*n + 5. Let c(i) = 7*q(i) + 6*u(i). What is c(x)?
9
Suppose 3*v + 0*a = -4*a + 6, 30 = 4*v - 2*a. Let r(g) = -4*g + v - 3*g + g + 7*g. Let w be r(-3). Let x(n) = -n**2 + 4*n - 1. Determine x(w).
2
Let b(x) = 5*x - 45. Let f = -1296 - -1304. Calculate b(f).
-5
Let b(f) be the third derivative of -f**5/20 + f**4/8 - f**3/2 - 3*f**2 - 267*f. Let k = -2 + 4. Calculate b(k).
-9
Let f(d) = -d - 5. Suppose 10*n - 6*n = -2*c - 60, 6*n = -2*c - 90. Give f(n).
10
Let r be 0/1 - (-4 - -1). Let y(f) = 6. Let b(s) = -s - 2. Let z(k) = -2*b(k) - y(k). Give z(r).
4
Let s(b) = -b**3 + b**2 - b - 2. Let u(d) = 8*d**2 - 88*d - 3. Let p be u(11). Give s(p).
37
Let d be (15/(-4))/((-4)/(-16)). Let f = 15 + d. Let l(u) = u + 21 - 30 + f*u. Give l(5).
-4
Suppose w + 0*w = 0. Suppose w = 4*t, 5*i - 4*i = -5*t + 5. Let k be -7 + i + -2 + 10. Let v(u) = -u**2 + 6*u - 3. What is v(k)?
-3
Let o(h) = 5*h**3 - 14*h - 6*h**3 + 20*h**2 + 5*h + 5 - 12*h**2 + 4. What is o(7)?
-5
Let k(b) be the first derivative of 2*b**3/3 - 17*b**2/2 + 10*b - 829. Determine k(7).
-11
Let x(m) be the third derivative of m**5/30 + 2*m**2 + 21*m. Calculate x(2).
8
Let v(g) = -g**2 - 7*g + 5. Let z = 69 - 67. Suppose -8*h - 42 = -z*h. What is v(h)?
5
Let j = 11 - 2. Let q = j + -6. Let c(k) = -1050*k**2 - 2 + 2104*k**2 - 1055*k**2. Calculate c(q).
-11
Let l = 24 + -21. Let j be (l/(-2))/((-12)/16). Let t(o) = -6*o**2 + 3*o - 1. What is t(j)?
-19
Let f(o) be the first derivative of o**4/4 + 17*o**3/3 + o**2/2 + 16*o + 81. Give f(-17).
-1
Suppose 0 = n + 4*x + 14, -16 = 27*n - 26*n + 5*x. Let p(c) = -c**3 - 6*c**2 - 6. Calculate p(n).
-6
Let l(n) = n**2 - 5*n + 2. Let d be l(6). Suppose 5*s = s + d. Let p be (-12)/4*2/s. Let o(x) = x - 1. Calculate o(p).
-4
Let w = -698 + 992. Let p(r) = -4*r**2 - w + 146 + 6*r + 153 - r**3. Calculate p(-5).
0
Let t(k) = -k**2 - 3*k + 2. Let m(l) = -l - 3. Let y be 0 + (-20)/5 + 15. Let s = 11 - y. Let u be m(s). Determine t(u).
2
Let c(x) = 3*x**2 - 7*x - 15. Let f(s) = 2*s**2 + s - 1. Let h(k) = c(k) - 2*f(k). Determine h(-8).
-5
Let j(q) = -q + 22. Let v(h) = -254*h + 762. Let m be v(3). Give j(m).
22
Let g(c) = -c - 12. Suppose 9*f - 27*f + 198 = 0. Give g(f).
-23
Let x(m) = 23*m**3 - m**2 - 18*m + 21. Let t(f) = 13*f**3 - 10*f + 11. Let j(p) = 7*t(p) - 4*x(p). Determine j(5).
-22
Let b(v) = 12*v + 23*v - 37*v. Determine b(4).
-8
Let o(n) = 2*n + 7. Let t be o(-6). Let m(v) be the second derivative of 0 - 3*v + 1/6*v**3 + 3/2*v**2. What is m(t)?
-2
Let f(p) be the third derivative of -p**5/60 + 5*p**4/24 + p**3/6 - 29*p**2 - 1. Let n(m) = m**2 -